167. Let a be -2 - 814/(-14) - (-21)/(-147). Let j = v + a. Is j a composite number?
True
Let o(c) = 24*c - 7. Suppose 2*q - 120 = -q. Let b be 3/(12/q + 0). Is o(b) prime?
True
Is (3/12)/((44/48592)/11) a composite number?
False
Let u(m) = m + 8. Let f be u(-11). Let h(i) = -i**3 - i**2 + 2*i - 151. Let c(a) = -2*a**3 - 2*a**2 + 3*a - 152. Let j(g) = f*h(g) + 2*c(g). Is j(0) composite?
False
Suppose 9*u + 495 = 6*u. Let p = 82 - u. Is p composite?
True
Let n be ((-54)/72)/(3/(-8)). Suppose 0 = -3*j - x - 273, 182 = -2*j - 2*x - 2*x. Is 2 - j - (-4)/n composite?
True
Let a = -24289 - -48030. Is a a composite number?
False
Suppose 1498 = 8*t - 1150. Is t prime?
True
Suppose 2*j - 8220 = -2*j. Let a = 3022 - j. Is a a composite number?
False
Suppose 40492 = 364*b - 360*b. Is b composite?
True
Suppose 4*r + 2*t + 78 = 0, 5*r + t + 2*t + 99 = 0. Let l = r - -56. Is l a prime number?
False
Suppose -9 = -3*s, -15*q - s - 2699 = -17*q. Is q a prime number?
False
Let z = -6 + 2. Is z/6 - 19500/(-36) composite?
False
Let k = 34 + 54. Is (-16)/k + 7471/11 a prime number?
False
Let v = 457 + 2040. Is v a prime number?
False
Let m(l) = l**3 - l**2 - 5*l + 16. Let a be m(-11). Let r = -302 - a. Is r prime?
False
Is (-402566)/(-12) + 65/(-390) a composite number?
False
Let m be -14 - -18 - (1 + -2). Suppose m*c - c = -268. Let b = -21 - c. Is b a prime number?
False
Let k = -13 - -12. Let a be 2/(k*3/66). Let n = a - -123. Is n a composite number?
False
Let i be -1 + (-124)/(-40) + 1/(-10). Suppose 5*l + 3*y + 3 = 0, -l - y - 1 = -6*l. Suppose 5*f - 725 = 2*g, g + 290 = i*f - l*f. Is f a prime number?
False
Let r = -23 - -23. Suppose -3*f = -r*f - 1191. Is f*(-3 + (1 - -3)) a composite number?
False
Let c(m) = m**3 + 13*m**2 - 3*m + 2. Let w(j) = j**3 + 9*j**2 - 2*j - 13. Let l be w(-9). Suppose l*a + 4*r + 53 = 0, r + r = 4*a + 32. Is c(a) composite?
False
Suppose 3*p - 148 = p - 5*t, 0 = 2*t. Is p + (-5 - (-6 + -4)) prime?
True
Let s(n) = -612*n + 21. Let c be s(-14). Suppose 0 = 2*d - 5*d + c. Is d a prime number?
False
Suppose 16*h = 25*h - 2259. Is h composite?
False
Let g be (-28 - 0) + (1 - 1). Let q = g + 27. Is (q - (-1 - 1)) + 13 a prime number?
False
Let l = 29290 + -13179. Is l a composite number?
False
Suppose -134*n = -129*n - 15. Suppose -n*j - 2*q + 784 = -j, 395 = j - 2*q. Is j a composite number?
True
Let b be (-48)/(-20) - 6/(-10). Suppose -b*t - 3*r + 17 = 2, 2*t + r - 9 = 0. Is 8/2 + 1204/t prime?
False
Let m(u) be the third derivative of -u**5/60 + 2*u**4/3 - 4*u**3/3 - 7*u**2. Is m(11) composite?
False
Suppose 0 = -d - 2 + 9. Let o = -5 + d. Suppose o*p + 4*f - 115 = 35, 2*f = p - 55. Is p a composite number?
True
Let f = 44692 - 18861. Is f a composite number?
True
Let n(q) = -q**3 + 6*q**2 + 5*q - 5. Let w be n(-6). Suppose 4*m - 3*m = 5*r + 389, -w = -m + 3*r. Is m prime?
True
Suppose 27*t - 72699 = -6*t. Is t composite?
False
Let b(d) = 9*d**3 + 17*d**2 - 7*d + 11. Let c(j) = -5*j**3 - 9*j**2 + 3*j - 6. Let f(a) = -3*b(a) - 5*c(a). Is f(-7) composite?
False
Suppose 4*n - 71689 = -5*g, -n + 14406 = 3*g - 28613. Is g a composite number?
False
Let g = 74 - -11. Let r = 736 + g. Is r composite?
False
Is 48195/175 + (-28)/20 a prime number?
False
Suppose -2403 = -3*a + 31764. Is a a composite number?
True
Suppose -43025 = -681*j + 676*j. Is j composite?
True
Let t be 1/((5/(-20))/(3/(-4))). Suppose t*d + k = -0*d + 152, 4*d + k - 203 = 0. Is d prime?
False
Let i(v) = -115*v - 13. Is i(-4) a prime number?
False
Let i(b) = 2*b**3 - 6*b**2 + 7*b + 52. Is i(7) a prime number?
False
Let n be 2*(-4)/(32/(-20)). Suppose 6*d + 2399 = n*d. Let g = 170 - d. Is g a composite number?
True
Let z = 770 - 384. Is z a composite number?
True
Let j(t) = -5*t - 2. Let u be j(-1). Let n be -4 + (u - (-1 + -1)). Is n/(-4) - (-3899)/28 a prime number?
True
Let f(v) = v**2 - 5*v + 1. Let y be f(2). Let q be ((-18)/4)/(y/120). Let t = q - -53. Is t a prime number?
False
Let z(q) = -1293*q - 116. Is z(-5) composite?
True
Let j = 3411 + 2060. Is j a prime number?
True
Let x = 4070 - 1471. Is x a composite number?
True
Let w(d) = -150*d. Let u be w(2). Let a be u - 2 - (3 - 4). Let b = -14 - a. Is b prime?
False
Suppose 8*t - 12*t = -16436. Is t a composite number?
True
Let v be (2 - -2)*(2078*-1)/(-2). Let a = v + -2357. Is a prime?
False
Suppose 4*n + 9 = 7*n. Let m(s) = 30*s**2 + 5*s + 4. Let b be m(-4). Suppose -b = -n*c + 541. Is c a composite number?
True
Is (-6122)/((-10)/35 + 24/(-14)) composite?
False
Let h(j) = 2461*j + 27. Is h(4) a composite number?
False
Let b be 47110/84 - (-2)/12. Suppose -2*x - 3*a + b = 0, -5*x + 857 + 520 = -a. Let o = x + -17. Is o a composite number?
True
Is (-16)/(10 + -6) - -16061 composite?
False
Let h(y) = -13*y**3 - 4*y**2 - 4*y - 6. Is h(-9) composite?
True
Let b(s) = 8*s - 45. Let v be b(-25). Suppose 3*l = 2*l - 142. Let j = l - v. Is j a composite number?
False
Let z(a) = -344*a - 1. Let d(i) = -688*i - 1. Let p(s) = 2*d(s) - 5*z(s). Is p(4) prime?
False
Let a = 4979 - 316. Is a a prime number?
True
Suppose -u - 4*h - 15 = 0, u + 3*h + 8 = -4. Let d(a) = -12*a + 2. Let f be d(u). Is (f*3/6)/1 a prime number?
True
Let z = -290 + 1249. Is z a prime number?
False
Let c(s) = -293*s - 196. Is c(-18) prime?
False
Let c be 9/3 + (-2 - -1). Let r(w) = 37*w**2 + 10*w + 14. Let k be r(-2). Suppose -2*u = -3*u - 3*g + k, c*u - 282 = -4*g. Is u composite?
False
Let l(a) = -65*a - 11. Let d = -43 - -31. Is l(d) prime?
True
Suppose -2*s - 1486 - 304 = 0. Let t = 490 + s. Let x = t - -712. Is x a composite number?
False
Suppose -560792 = -36*y - 133724. Is y composite?
False
Let z = -102 - -104. Suppose 0 = -4*n + z*n + 534. Is n a prime number?
False
Let p = -18 + 17. Let c(x) = -339*x - 2. Is c(p) prime?
True
Suppose -12*s + 16 + 32 = 0. Is 3377/11 - s/1 a prime number?
False
Let f(b) = -6*b**3 - 6*b**2 + 14*b - 3. Let q be f(6). Is 2/(q/1437 + 1) composite?
False
Let x = -4821 + 10760. Is x prime?
True
Suppose 46*c - 41*c - 11335 = 0. Is c a prime number?
True
Suppose 4*n = -f + 1229, 0 = 3*f - 0*n + 2*n - 3707. Suppose 2*l - 5*g - f = 0, -3*l + 2*g = -l - 1252. Is l a prime number?
True
Let n = 16412 - 7621. Is n prime?
False
Let z(s) = -4*s + 25. Let h be z(8). Is (h/(-3))/(-7)*-261 a composite number?
True
Let p be 4/1 + (-4 - -258). Let y = 747 - p. Is y a prime number?
False
Suppose 0 = 6*z - 2*z - 12. Suppose -2*o = -1 - z. Suppose -280 = o*u - 726. Is u prime?
True
Suppose -5*w = 3*n - 132, 5*n - 12 = w - 44. Suppose 23*z + 9852 = w*z. Is z a composite number?
True
Let j be (-10)/(-30) - (-5)/3. Suppose -3*s + 1055 = j*s. Let l = s - 134. Is l composite?
True
Suppose -2*f + 1251 - 4228 = -3*a, 4*a = -f + 3951. Let h = a - -212. Is h composite?
False
Let x(s) = -3*s**2 - 23*s + 39. Let p(n) = 7*n**2 + 45*n - 78. Let i(c) = 3*p(c) + 5*x(c). Is i(11) a prime number?
True
Suppose -v - 624 = 5*w - 50, 5*w + 570 = -5*v. Let i = 932 - 518. Let a = i - w. Is a a prime number?
False
Let z = -246 + 1160. Suppose -c - c = -z. Let o = 659 - c. Is o prime?
False
Let q(r) = -2*r - 1. Let g be q(-2). Suppose w - 3 = 0, g*w = 2*t - t - 478. Is t prime?
True
Suppose 0 = d - 139 - 80. Let b = 784 - d. Is b a prime number?
False
Let u(n) = 46*n**2 - 27*n + 195. Is u(8) prime?
False
Let u(l) = 4*l - 5. Let h be u(2). Suppose -4*t - 2*d + 4786 = 0, t - h*d - 1719 = -505. Is t composite?
True
Let n(h) = -124*h + 101. Is n(-15) prime?
False
Let f = -29 + 51. Suppose -3*j - f = 2*k, j + 4*k + 2 = -2. Is (-24)/j - (-333 - 1) prime?
True
Let m = 41939 - 24928. Is m a prime number?
True
Is 404310/60 - (2/(-4) + 2) a composite number?
False
Let w be (-1 + 2)/((-10)/(-50)). Suppose -2*f + 4*n = -w*f + 2545, -5*f + 4211 = -n. Is f a prime number?
False
Suppose -3*t + 0*t = -1827. Let y = 1219 - t. Suppose -s - 4*s - 5*a + y = 0, 125 = s - 2*a. Is s a composite number?
True
Suppose -4*y = 20, -8*j = -4*j - 2*y - 6. Is (2 - j)/(24/10888) composite?
False
Is 11/(330/(-504490))*-3 a composite number?
True
Let t(o) = 17*o**2 - o + 7. Let r be ((-24)/10)/(-3 + 13/5). Is t(r) a prime number?
True
Let q be (-5)/(15/(-27)) + -3. Let r(s) = 46*s**2 + 5*s - 13. Is r(q) composite?
True
Suppose -q + 8810 = f - 11732, 3*f = 15. Is q prime?
False
Suppose 0 = -2